+ x. What is the greatest common divisor of 12 and t?
6
Let m = 63 - 36. What is the highest common divisor of 12 and m?
3
Suppose 0 = -5*o - 3*f + 3411, 0*f + 1380 = 2*o - 4*f. What is the greatest common factor of 108 and o?
36
Let r = 4 + 4. Let v(b) = b + 3. Suppose 4*i = -0*i - 4. Let f be v(i). What is the highest common divisor of f and r?
2
Suppose -4*y = 3*j - 687, -10*j + 7*j + 165 = y. What is the highest common divisor of 261 and y?
87
Let x = 821 - 737. Calculate the greatest common divisor of 224 and x.
28
Let m be 2/8 + (-210)/(-24). Let w be -1*m/3 - -63. Calculate the highest common factor of 90 and w.
30
Let c(z) be the second derivative of z**3 - z**2/2 - 7*z. Let q be c(3). Let t(v) = -5*v - 3. Let i be t(-4). Calculate the highest common divisor of i and q.
17
Let g(u) = u**3 - 3*u**2 + 5*u. Let k be g(4). Let a = k - 32. Let s be (30/a)/((-14)/(-28)). What is the highest common factor of 75 and s?
15
Suppose 5*f + 22 = 42. Suppose -f*r = -h + 111, -r = 3*h - 5*h + 201. What is the greatest common factor of h and 33?
33
Let f = 31 - 29. Suppose 4 = -w + f*w. Calculate the highest common divisor of w and 10.
2
Let q be 5 - 11 - 2/2. Let u = q + 8. Let p be 272 + (5 + -2)*u. Calculate the highest common factor of p and 25.
25
Let q(k) = -37*k - 714. Let b be q(-20). Suppose -3*i + 7*i = 16. Suppose -560 = -i*x + 64. What is the highest common divisor of b and x?
26
Let v = -67 + 12. Let k be 3 + (v - 16/(-4)). Let p be 12/k + (-802)/(-8). Calculate the greatest common factor of p and 25.
25
Let u = 0 - -17. Let l = -12 + u. Suppose 4*v - 5 = -l*t, t + 0*t - v = 10. What is the greatest common divisor of t and 25?
5
Let z = 65 - 79. Let p = 18 - z. Calculate the greatest common factor of p and 4.
4
Suppose 145*r + 840 = 185*r. Calculate the greatest common divisor of r and 12.
3
Suppose -n - 3*n + 20 = 0. Suppose 127 = n*z + 4*v, -4 = -z - 5*v + 13. What is the highest common divisor of z and 3?
3
Suppose 29*a = 36*a - 56. What is the greatest common factor of a and 8?
8
Suppose 7*c - 3*c = -64. Let o = 18 + c. Suppose 0 = o*f - 0*j + 4*j - 30, 2*j + 8 = 0. Calculate the highest common factor of 23 and f.
23
Suppose r - 3*n - 78 = 0, r = 2*r + 4*n - 106. Let p = 5 + 50. Suppose 4*d - p = -3*q - 0*q, 2*d + 2*q = 30. What is the highest common divisor of d and r?
10
Let p(q) = -q**3 + 16*q**2 - 23*q + 29. Let s be p(14). What is the greatest common divisor of s and 36?
9
Let a be 33 - ((-20)/(-24) - (-5)/30). Calculate the greatest common divisor of 432 and a.
16
Let t(r) = -r**3 + 31*r**2 + 189*r - 48. Let c be t(36). What is the greatest common divisor of c and 184?
92
Let i(u) = -5*u**2 + 11 - 3*u + 10*u - 2*u**3 + 0*u**3 + u**3. Let v be i(-6). What is the greatest common factor of v and 30?
5
Let v = -132 + 197. Let d = v - 46. Calculate the greatest common divisor of 209 and d.
19
Let w be 0 + 0 + -1 - -2*13. Suppose 20 = -h + 5*p, p = 3*h + 2 - 12. Calculate the highest common divisor of h and w.
5
Suppose 0 = 60*a - 62*a + 174. What is the highest common divisor of 29 and a?
29
Let v(a) = 14*a**2 - 14*a - 13. Let j be v(-1). What is the greatest common divisor of j and 55?
5
Suppose v + j = -3*j + 20, 4*v - 25 = -5*j. Suppose -3*u = 4*w - 69, v*w = 2*w - 3*u - 21. Let o = -191 + 356. Calculate the greatest common factor of w and o.
15
Suppose -4*m + 3 = -5*h, 1 = h - 4. Let j be m*2 - (-2 - -4). Let d(y) = -26*y + 292. Let k be d(11). What is the greatest common divisor of k and j?
6
Suppose -82 = -j - 72. Let q(w) = 69*w**2 + 1. Let p be q(-1). What is the highest common divisor of p and j?
10
Let d(l) = -l**2 - 27*l - 78. Let f be d(-23). What is the greatest common factor of 14 and f?
14
Let j = -225 - -237. What is the highest common factor of j and 9?
3
Suppose a = s + 598, s = -5*a + a + 2417. Let p = a - 413. What is the greatest common divisor of 76 and p?
38
Let l be -9 + -2 + (-25 - -207). Calculate the greatest common divisor of l and 19.
19
Let x = -106 - -112. Let y be -60*(5/3 - (-3 + x)). Calculate the greatest common factor of 200 and y.
40
Let d(p) = -p**2 + 15*p + 93. Let i be d(19). Let y be 1 + 68 - (-2 + 3). Calculate the greatest common factor of y and i.
17
Let z = 167 - 92. Let g(f) = f**3 - 9*f**2 - 13*f + 60. Let c be g(10). What is the greatest common divisor of c and z?
15
Let x(p) = p**2 + 2*p + 2. Let y be x(-1). Let u be (-1)/y - (-18 - -6). Calculate the greatest common divisor of 143 and u.
11
Let y(x) = -x**2 + 16*x - 12. Let u be y(10). Suppose 2*v = v + n + u, 124 = 2*v + 5*n. What is the highest common factor of v and 4?
4
Let t be 522/(-27) + (-1)/(-3). Let w = t - -21. Let m be (w/6)/(1/9). What is the highest common factor of m and 33?
3
Suppose 134 = -2*t - 5*b + 412, 2*b - 138 = -t. What is the highest common divisor of 201 and t?
67
Suppose -4*c + 6*o = 2*o + 124, 2*c + 48 = -5*o. Let m = c - -33. What is the highest common factor of m and 16?
4
Let k be 1/(-2 - 10/(-4)). Suppose 0*m + 151 = 5*v - k*m, -3*v + 83 = -5*m. What is the highest common divisor of 93 and v?
31
Let k(t) = -t + 2. Let j be k(-6). Suppose 14*h - 64 = 10*h. Calculate the highest common factor of j and h.
8
Suppose -2*t - 194 = 5*v - 5*t, 5*v = -5*t - 170. Let c = v - -39. What is the greatest common factor of c and 3?
1
Let s be (0 + -4 + 63)/(-1). Let o(b) = b**2 + 9*b - 5. Let n be o(-7). Let q = n - s. What is the greatest common factor of 8 and q?
8
Let a(n) = -3 - 15*n + 17*n - 1 + 0. Let k be a(7). Calculate the greatest common divisor of k and 4.
2
Let g be (0/(-3) + -1)*481*-1. Calculate the greatest common divisor of 13 and g.
13
Suppose 3*w + 2 = -7, -z - 9 = 4*w. Suppose k + 74 = z*y, -4*y = 3*k + 2*k - 124. Calculate the highest common divisor of 26 and y.
26
Suppose 0 = -3*p + 4*o + 67, -2*o = p - 0*p - 19. Suppose 0 = -132*z + 129*z + 315. What is the highest common factor of z and p?
21
Suppose 7*c + 303 = 10*c - 3*z, z = -3*c + 299. Calculate the highest common divisor of c and 25.
25
Let m = 14 - 6. Let n(a) = a**3 - 6*a**2 - 3*a + 2. Let g be n(7). Let r = 2 + g. Calculate the greatest common divisor of r and m.
8
Let h(n) = 50*n - 99. Let l be h(5). What is the greatest common factor of 1963 and l?
151
Suppose -3*s + 2 = c - 14, -4*s + c = -26. Let f be ((-68)/s)/(6/(-45)). What is the greatest common factor of 5 and f?
5
Suppose -4*v - 8*d + 9*d = -59, 0 = -4*v - d + 61. Let s(q) = q - 1. Let m be s(11). Calculate the highest common factor of m and v.
5
Let v be ((-60)/50)/((-2)/15). Suppose 7 + v = 2*a. Let g(p) = 3*p**2 + 23*p + 4. Let q be g(-9). What is the greatest common factor of q and a?
8
Let h be (-3 - -5)*-1 + -1. Let d be (-333)/(-12)*(-8)/h. Suppose d = 3*k + 26. Calculate the greatest common factor of 96 and k.
16
Let r be (1/3)/((-4)/(-132)). Let m be (-2 - r)*(-1 - 0). Let t(c) = 2*c**2 - c + 7. Let h be t(2). What is the greatest common factor of h and m?
13
Suppose -26 = -5*a - 0*x + 4*x, 4*x = -2*a - 12. Suppose -a*n + 9*n = 126. What is the highest common divisor of 81 and n?
9
Suppose 0 = 43*q - 48*q + 3535. Let t = -383 + q. What is the highest common divisor of t and 36?
36
Let n(x) = -3*x**3 - 6*x**2 - 5*x + 1. Let h be n(-4). Suppose 4*w - 40 = -4*r, 3*w = w + 5*r + 41. Calculate the highest common divisor of h and w.
13
Suppose -4*s + 4*o = -2 + 10, -3*o + 14 = s. Suppose 5*l - s*y - 67 = 0, y = -2*l - 2*l + 64. What is the greatest common divisor of 9 and l?
3
Suppose -2*o + 87 + 29 = 5*m, o + 2*m - 56 = 0. Let b = 80 - o. Calculate the greatest common factor of b and 8.
8
Let d(f) = 11*f**2 - 2*f - 7. Let a be d(5). Let u be (2/(-6))/((-2)/a). Calculate the greatest common divisor of u and 215.
43
Let w be ((-45)/(-60))/(2/208). What is the highest common divisor of w and 130?
26
Let f(l) = 2*l**2 + 26*l + 17. Let q(s) = -s**2 - 16*s - 41. Let n be q(-14). Let g be f(n). Calculate the highest common divisor of 153 and g.
17
Let h(x) = -x - 12. Let b be h(-14). Suppose 0 = -0*s + s - 2. Suppose -5*d = -2*a - 12, 2*a - s = -0*d - 2*d. Calculate the highest common divisor of b and d.
2
Suppose -3*u + 7*o = 2*o + 16, -5*u - 68 = 2*o. Let x be (-54 + -3)*8/u. What is the highest common divisor of x and 266?
38
Let h = 1256 - 1248. What is the highest common 